f 295 and 25.
5
Calculate the greatest common divisor of 52 and 65.
13
What is the highest common factor of 280 and 630?
70
Calculate the greatest common divisor of 2620 and 120.
20
What is the highest common divisor of 10112 and 8?
8
What is the greatest common factor of 84 and 147?
21
What is the highest common factor of 168 and 210?
42
What is the highest common factor of 321 and 9?
3
What is the highest common divisor of 1682 and 174?
58
What is the greatest common divisor of 700 and 50?
50
Calculate the greatest common factor of 190 and 874.
38
What is the greatest common factor of 533 and 41?
41
What is the greatest common divisor of 5268 and 6?
6
Calculate the highest common factor of 6118 and 5054.
266
Calculate the greatest common divisor of 36 and 303.
3
Calculate the highest common factor of 462 and 63.
21
What is the greatest common factor of 1127 and 23?
23
What is the greatest common factor of 273 and 63?
21
Calculate the highest common factor of 15 and 1200.
15
Calculate the highest common factor of 13608 and 280.
56
What is the greatest common factor of 3025 and 1573?
121
Calculate the highest common factor of 88 and 72.
8
What is the greatest common divisor of 2041 and 169?
13
Calculate the highest common factor of 136 and 289.
17
What is the highest common divisor of 61 and 305?
61
What is the highest common factor of 320 and 192?
64
Calculate the greatest common factor of 36540 and 174.
174
Calculate the greatest common divisor of 40 and 235.
5
Calculate the highest common divisor of 22 and 129382.
22
What is the greatest common factor of 118 and 4?
2
What is the greatest common factor of 629 and 17?
17
Calculate the highest common divisor of 71568 and 14.
14
Calculate the highest common divisor of 7 and 742.
7
What is the greatest common factor of 20 and 1770?
10
Calculate the greatest common factor of 871 and 1417.
13
What is the highest common factor of 1007 and 19?
19
Calculate the greatest common divisor of 88 and 275.
11
Calculate the highest common divisor of 56 and 1400.
56
What is the highest common factor of 466 and 62?
2
Calculate the highest common divisor of 40 and 1050.
10
Calculate the greatest common factor of 1397 and 11.
11
What is the greatest common divisor of 29 and 783?
29
What is the greatest common divisor of 690 and 150?
30
Calculate the highest common factor of 80 and 680.
40
What is the highest common factor of 26 and 2197?
13
Calculate the highest common divisor of 216 and 936.
72
Calculate the greatest common factor of 72 and 63.
9
What is the greatest common factor of 116 and 87?
29
What is the greatest common divisor of 351 and 4329?
117
Calculate the highest common divisor of 2533 and 17.
17
Calculate the greatest common divisor of 245 and 20.
5
What is the greatest common factor of 33 and 891?
33
What is the highest common divisor of 884 and 1360?
68
What is the greatest common factor of 754 and 1066?
26
What is the highest common divisor of 208 and 16?
16
Calculate the highest common divisor of 26 and 351.
13
Calculate the highest common divisor of 1316 and 140.
28
What is the greatest common factor of 12879 and 159?
159
What is the greatest common divisor of 312 and 36?
12
Calculate the highest common divisor of 31 and 3131.
31
Calculate the greatest common divisor of 7330 and 10.
10
Calculate the greatest common divisor of 147 and 1274.
49
Calculate the greatest common factor of 987 and 8225.
329
What is the highest common factor of 24 and 744?
24
Calculate the highest common factor of 8 and 776.
8
What is the highest common divisor of 814 and 74?
74
What is the highest common factor of 1230 and 5043?
123
What is the greatest common divisor of 1603 and 63?
7
Calculate the greatest common factor of 6566 and 98.
98
What is the highest common factor of 40 and 352?
8
Calculate the greatest common divisor of 62 and 7.
1
Calculate the greatest common divisor of 58 and 377.
29
Calculate the greatest common divisor of 2135 and 665.
35
What is the greatest common factor of 30 and 390?
30
What is the greatest common factor of 144 and 756?
36
What is the greatest common factor of 539 and 392?
49
What is the highest common divisor of 752 and 8?
8
What is the highest common divisor of 1 and 59?
1
Calculate the greatest common divisor of 369 and 10947.
123
Calculate the highest common factor of 42 and 3066.
42
Calculate the greatest common factor of 119 and 1778.
7
What is the greatest common factor of 724 and 14661?
181
Calculate the highest common divisor of 732 and 12.
12
What is the greatest common divisor of 88 and 22?
22
Calculate the greatest common factor of 509 and 1.
1
Calculate the highest common factor of 31 and 1643.
31
Calculate the greatest common divisor of 1485 and 135.
135
Calculate the highest common divisor of 4347 and 14.
7
Calculate the highest common factor of 188 and 235.
47
What is the greatest common divisor of 9540 and 12?
12
What is the highest common divisor of 11 and 67?
1
What is the greatest common divisor of 16 and 88?
8
What is the greatest common factor of 376 and 1856?
8
Calculate the greatest common factor of 36 and 6354.
18
Calculate the highest common factor of 1525 and 183.
61
Calculate the highest common factor of 18 and 942.
6
What is the highest common factor of 29 and 319?
29
Calculate the highest common divisor of 144 and 40.
8
Calculate the highest common divisor of 2728 and 55.
11
What is the greatest common divisor of 956 and 8?
4
Calculate the greatest common divisor of 36273 and 214.
107
Calculate the greatest common divisor of 584 and 8.
8
What is the highest common divisor of 225 and 135?
45
Calculate the greatest common divisor of 250 and 1450.
50
What is the highest common divisor of 1027 and 819?
13
Calculate the highest common factor of 339 and 55257.
339
What is the highest common divisor of 454 and 2?
2
Calculate the greatest common divisor of 23 and 1541.
23
Calculate the greatest common divisor of 2907 and 1615.
323
Calculate the greatest common divisor of 3 and 6.
3
Calculate the greatest common factor of 49 and 3703.
7
Calculate the greatest common factor of 126 and 462.
42
Calculate the greatest common factor of 13985 and 10.
5
Calculate the greatest common factor of 296 and 8.
8
What is the highest common divisor of 1551 and 187?
11
Calculate the highest common factor of 14213 and 61.
61
What is the greatest common factor of 3 and 4?
1
Calculate the highest common factor of 289 and 68.
17
Calculate the greatest common divisor of 3937 and 62.
31
What is the highest common factor of 336 and 6?
6
What is the highest common divisor of 396 and 24?
12
Calculate the greatest common divisor of 18 and 114.
6
What is the highest common factor of 1856 and 1280?
64
What is the highest common factor of 15 and 5?
5
What is the greatest common factor of 182 and 26?
26
What is the highest common factor of 30 and 405?
15
What is the highest common divisor of 1368 and 162?
18
Calculate the greatest common factor of 3108 and 224.
28
What is the highest common factor of 1995 and 35?
35
What is the greatest common divisor of 1 and 103?
1
Calculate the greatest common divisor of 1458 and 18.
18
Calculate the highest common factor of 952 and 392.
56
What is the greatest common factor of 38 and 58?
2
What is the greatest common divisor of 12 and 384?
12
Calculate the highest common divisor of 84 and 693.
21
What is the highest common factor of 198 and 4686?
66
Calculate the greatest common factor of 72 and 41958.
18
Calculate the greatest common factor of 29 and 1769.
29
Calculate the highest common divisor of 15753 and 177.
177
What is the greatest common factor of 14 and 42?
14
What is the greatest common factor of 272 and 221?
17
Calculate the highest common divisor of 740 and 20.
20
What is the greatest common divisor of 364 and 3822?
182
What is the greatest common factor of 2835 and 140?
35
Calculate the greatest common factor of 27 and 5067.
9
Calculate the greatest common factor of 3073 and 14.
7
What is the greatest common divisor of 160 and 70?
10
Calculate the highest common divisor of 594 and 440.
22
What is the greatest common divisor of 187 and 11?
11
Calculate the greatest common factor of 33 and 2376.
33
What is the highest common factor of 4 